der when 22512 is divided by 706.
626
What is the remainder when 4302 is divided by 67?
14
What is the remainder when 56639 is divided by 192?
191
Calculate the remainder when 1506 is divided by 52.
50
Calculate the remainder when 368039 is divided by 59.
56
Calculate the remainder when 56099 is divided by 44.
43
What is the remainder when 305394 is divided by 27?
24
Calculate the remainder when 1080089 is divided by 817.
15
What is the remainder when 2976 is divided by 747?
735
Calculate the remainder when 2417338 is divided by 25.
13
Calculate the remainder when 11728 is divided by 57.
43
Calculate the remainder when 2191859 is divided by 422.
413
Calculate the remainder when 8389 is divided by 1994.
413
Calculate the remainder when 251940 is divided by 20.
0
What is the remainder when 96743 is divided by 834?
833
Calculate the remainder when 994 is divided by 169.
149
Calculate the remainder when 587 is divided by 541.
46
Calculate the remainder when 8740 is divided by 54.
46
Calculate the remainder when 3747 is divided by 636.
567
Calculate the remainder when 228935 is divided by 47.
45
Calculate the remainder when 63478 is divided by 329.
310
What is the remainder when 3155 is divided by 2911?
244
What is the remainder when 4273 is divided by 19?
17
Calculate the remainder when 1837311 is divided by 918654.
3
Calculate the remainder when 372848 is divided by 1005.
998
Calculate the remainder when 6680 is divided by 2213.
41
What is the remainder when 526 is divided by 520?
6
Calculate the remainder when 58 is divided by 4.
2
Calculate the remainder when 8584 is divided by 542.
454
What is the remainder when 19971 is divided by 3322?
39
What is the remainder when 27915 is divided by 1078?
965
What is the remainder when 7120 is divided by 470?
70
What is the remainder when 2261 is divided by 451?
6
What is the remainder when 2642 is divided by 746?
404
What is the remainder when 12593445 is divided by 1512?
1509
What is the remainder when 153489 is divided by 1968?
1953
Calculate the remainder when 1163 is divided by 80.
43
What is the remainder when 242343 is divided by 242308?
35
What is the remainder when 1920 is divided by 960?
0
Calculate the remainder when 462442 is divided by 43.
20
What is the remainder when 297328 is divided by 53?
51
Calculate the remainder when 7065 is divided by 2344.
33
Calculate the remainder when 861550 is divided by 744.
742
What is the remainder when 705 is divided by 54?
3
Calculate the remainder when 417855 is divided by 851.
14
Calculate the remainder when 26269 is divided by 1747.
64
What is the remainder when 1504 is divided by 92?
32
What is the remainder when 488854 is divided by 433?
430
What is the remainder when 131857 is divided by 91?
89
What is the remainder when 2422528 is divided by 55?
53
What is the remainder when 30708 is divided by 25?
8
What is the remainder when 27641 is divided by 789?
26
Calculate the remainder when 834712 is divided by 587.
585
What is the remainder when 57952 is divided by 42?
34
Calculate the remainder when 2031 is divided by 966.
99
Calculate the remainder when 807 is divided by 160.
7
Calculate the remainder when 464286 is divided by 232130.
26
What is the remainder when 9377 is divided by 1041?
8
What is the remainder when 160425 is divided by 526?
521
Calculate the remainder when 1934 is divided by 540.
314
What is the remainder when 4093 is divided by 216?
205
Calculate the remainder when 333 is divided by 321.
12
What is the remainder when 2979 is divided by 88?
75
Calculate the remainder when 38475 is divided by 542.
535
What is the remainder when 34432 is divided by 5715?
142
Calculate the remainder when 91569 is divided by 51.
24
What is the remainder when 12937 is divided by 331?
28
What is the remainder when 2299 is divided by 411?
244
What is the remainder when 1337831 is divided by 68?
67
Calculate the remainder when 57116 is divided by 13.
7
Calculate the remainder when 1053 is divided by 211.
209
Calculate the remainder when 17644 is divided by 11.
0
What is the remainder when 1415 is divided by 1389?
26
What is the remainder when 1131589 is divided by 88?
85
What is the remainder when 6026 is divided by 373?
58
Calculate the remainder when 7397 is divided by 2326.
419
Calculate the remainder when 196235 is divided by 23.
22
Calculate the remainder when 172856 is divided by 10.
6
What is the remainder when 63574 is divided by 83?
79
What is the remainder when 704 is divided by 694?
10
Calculate the remainder when 489878 is divided by 47.
44
What is the remainder when 126272 is divided by 68?
64
Calculate the remainder when 14883 is divided by 4958.
9
Calculate the remainder when 8821 is divided by 65.
46
What is the remainder when 923750 is divided by 23?
1
What is the remainder when 944945 is divided by 314975?
20
What is the remainder when 14262 is divided by 2848?
22
What is the remainder when 12812 is divided by 101?
86
Calculate the remainder when 49217 is divided by 400.
17
Calculate the remainder when 2715 is divided by 68.
63
What is the remainder when 19978 is divided by 148?
146
Calculate the remainder when 44233 is divided by 100.
33
What is the remainder when 1982 is divided by 382?
72
Calculate the remainder when 1688 is divided by 252.
176
Calculate the remainder when 15409 is divided by 7595.
219
What is the remainder when 7680 is divided by 3552?
576
What is the remainder when 387497 is divided by 1794?
1787
What is the remainder when 182930 is divided by 60972?
14
What is the remainder when 38962 is divided by 73?
53
What is the remainder when 5290 is divided by 22?
10
Calculate the remainder when 51825 is divided by 204.
9
What is the remainder when 11699 is divided by 150?
149
Calculate the remainder when 11304 is divided by 451.
29
What is the remainder when 24728 is divided by 8232?
32
What is the remainder when 489361 is divided by 913?
906
Calculate the remainder when 98776 is divided by 110.
106
Calculate the remainder when 65379 is divided by 910.
769
Calculate the remainder when 40397 is divided by 941.
875
Calculate the remainder when 7234 is divided by 722.
14
Calculate the remainder when 17260 is divided by 17241.
19
What is the remainder when 82778 is divided by 41374?
30
What is the remainder when 1187 is divided by 386?
29
What is the remainder when 1839 is divided by 765?
309
What is the remainder when 634 is divided by 57?
7
Calculate the remainder when 2226374 is divided by 2804.
2802
What is the remainder when 218110 is divided by 4451?
11
Calculate the remainder when 160311 is divided by 196.
179
What is the remainder when 581451 is divided by 122?
121
What is the remainder when 28971 is divided by 1206?
27
What is the remainder when 69351 is divided by 35?
16
Calculate the remainder when 24521 is divided by 481.
471
Calculate the remainder when 7624 is divided by 169.
19
Calculate the remainder when 8270 is divided by 163.
120
What is the remainder when 5442 is divided by 795?
672
Calculate the remainder when 58116 is divided by 764.
52
Calculate the remainder when 4195 is divided by 27.
10
Calculate the remainder when 34341 is divided by 2289.
6
Calculate the remainder when 31289 is divided by 33.
5
What is the remainder when 11799 is divided by 11768?
31
What is the remainder when 6930 is divided by 2230?
240
What is the remainder when 154688 is divided by 1700?
1688
Calculate the remainder when 3962 is divided by 3922.
40
What is the remainder when 48804 is divided by 14?
0
What is the remainder when 7351 is divided by 156?
19
Calculate the remainder when 37368 is divided by 104.
32
What is the remainder when 53562 is divided by 228?
210
What is the remainder when 2927 is divided by 452?
215
Calculate the remainder when 212898 is divided by 172.
134
Calculate the remainder when 15698 is divided by 7725.
248
What is the remainder when 34076 is divided by 437?
427
Calculate the remainder when 95102 is divided by 16.
14
What is the remainder when 14691 is divided by 216?
3
What is the remainder when 84165 is divided by 2104?
5
Calculate the remainder when 1389 is divided by 519.
351
What is the remainder when 562299 is divided by 162?
159
Calculate the remainder when 8091 is divided by 545.
461
What is the r